ve z(u).
-7
Let a(u) = u**3 + 6*u**2 + 2*u - 2. Let v be 7 + (8 + -16 - 3). What is a(v)?
22
Let n(g) = g**3 - 8*g**2 - 17*g + 77. Let s be n(9). Let j(u) = u**2 - 4*u - 3. Calculate j(s).
2
Let c(q) = 3*q + 19. Let n be c(-8). Let i = 2 - n. Let k(p) = p**2 - 6*p - 7. Calculate k(i).
0
Suppose 1403*p + 54 = 1394*p. Let s(j) be the second derivative of j**3/6 - 3*j**2 + 2*j. Determine s(p).
-12
Let q(v) = -1 - 2*v**2 + v**2 - 7*v**3 + 5 + 7*v. Let g(i) = -i**3 - i**2 + i + 1. Let t be ((-2)/10)/((-2)/(-30)*-3). Let f(c) = t*q(c) - 6*g(c). What is f(5)?
3
Let r be (2 - (-10)/(-8))*72/9. Let g(d) = 3*d + 4 - 16*d - d**3 + 6*d**2 + 12*d. Determine g(r).
-2
Let x(u) = u**3 - 15*u**2 - 17*u + 7. Suppose 3*m - 31 = 2*b + 17, 4*b = 0. What is x(m)?
-9
Let m(f) = f**3 + 11*f**2 - 12*f - 3. Let a = 286 + -298. Calculate m(a).
-3
Let j(p) be the first derivative of -p**4/4 - 22*p**3/3 - p**2/2 - 27*p - 290. What is j(-22)?
-5
Suppose -r + 2 = 14. Let n = r + 16. Let a(o) be the third derivative of o**6/120 - o**5/12 + o**4/8 + 5*o**3/6 - 2*o**2. Calculate a(n).
1
Let a(t) = -t - 6. Let f(n) = n**3 - 8*n**2 - n + 2. Suppose 144 = 12*q + 6*q. Let r be f(q). Determine a(r).
0
Let q(h) be the first derivative of h**6/120 - h**5/10 + h**4/3 - 7*h**3/6 - 10*h**2 + 19. Let x(t) be the second derivative of q(t). Give x(5).
8
Suppose 18*j + 49 = -23. Let u(d) = 8*d + 2. Calculate u(j).
-30
Let p(n) = -3*n**2 - n + 2. Suppose 0 = 4*o - 8*o + 68. Let y(d) = -d**3 + 17*d**2 - d + 19. Let r be y(o). Calculate p(r).
-12
Let z(o) be the second derivative of o**3/6 - 6*o**2 + o. Suppose 4*r = 7*w - 2*w - 23, -4*r = 4*w - 40. Let l be z(w). Let y(h) = h**2 + 3*h - 1. What is y(l)?
9
Let v = -4 + 25. Suppose 4*c + m - 23 = 0, c + 2*c = 3*m + v. Let n(s) = -s. Calculate n(c).
-6
Let m(a) = -5*a - 3. Let l be (48/40)/((-6)/15). Calculate m(l).
12
Let o(n) = -9*n**2 - 6*n + 4. Let y(j) = j + 13 - 15 + 2*j + 4*j**2. Let z(h) = -3*o(h) - 7*y(h). What is z(-4)?
-2
Let n = 56 + -55. Let o(s) = 5*s - 9*s + 4*s - 4*s. Give o(n).
-4
Let l(j) = -3*j**3 + j. Let t = -9 - -8. Let o be l(t). Let x(r) = -3 + 2*r + 0*r**o - r**3 + r**2 - 2*r. Determine x(0).
-3
Let t(v) = 32*v**2 - 16*v - 1. Let f(h) = -64*h**2 + 29*h + 2. Let a(n) = -6*f(n) - 11*t(n). Give a(1).
33
Let l(q) = -q**3 + 14*q**2 - 26*q + 26. Let h be l(12). Let j(a) = 4*a**2 + 3. Let c(z) = -z**2 - 1. Let m(u) = -7*c(u) - 2*j(u). What is m(h)?
-3
Let a = 9 + -9. Let q(s) = s - 3. Let h be q(7). Let m(v) = -11*v**3 - 4 + h*v**3 - v**2 + 8*v**3. What is m(a)?
-4
Let h(q) = -q**3 - 13*q**2 + 15*q + 18. Let w(l) = -4*l**2 - 3*l - 14. Let v be w(0). Determine h(v).
4
Suppose -4 = -2*g - 0. Let a be (0 - 2)*1 - -4. Let k(b) = -3*b**a + 2*b**2 + 3*b**2 + 3*b - b**3 - 3. Determine k(g).
3
Let c be (14/21)/((-205)/105 + 2). Let a(n) = n - 21. Determine a(c).
-7
Let y(z) = -4*z**2 - 3*z - 3. Let o be y(-2). Suppose 0 = -0*h - 11*h - 77. Let u = h - o. Let v(j) = j**2 - 6*j - 7. Determine v(u).
-7
Let o = -166 + 174. Let y(q) = q**3 - 7*q**2 - 7*q - 4. Give y(o).
4
Let g(c) = -c**3 + 4*c + 7. Let i = 760 + -756. Calculate g(i).
-41
Suppose y + 6*q - 2*q - 16 = 0, -2*y - 3*q + 17 = 0. Let a(c) = 3 + y*c + 0*c - c - 2*c. Give a(-6).
-3
Let o = 943/634 - -4/317. Let x(g) be the first derivative of o*g**2 + 0*g + 10. Calculate x(5).
15
Let m be 9*(-8)/(-288) - (-75)/20. Let j(n) = -n**2 + 10*n - 2. Determine j(m).
22
Let h(n) = n**2 - 17*n + 55. Let g(j) = -9*j + 27. Let v(f) = -13*g(f) + 6*h(f). Let t(a) = -a**2 - 3*a + 4. Let b(o) = -11*t(o) - 2*v(o). Give b(5).
-12
Let a = 58 - 59. Let v(q) = 22*q**3 - 4*q**2 + 7*q + 7. Let k(r) = -15*r**3 + 3*r**2 - 5*r - 5. Let y(g) = -7*k(g) - 5*v(g). Determine y(a).
4
Let l be 50/3*(-288)/(-120). Suppose l - 22 = -6*s. Let a(b) = b**3 + 3*b**2 + b. Determine a(s).
-3
Let u be (106/(-54) + 2)*(-198)/(-44). Let o(n) be the second derivative of -13/2*n**2 + 3*n - u*n**3 - 1/12*n**4 + 0. Determine o(0).
-13
Let l(b) = 4*b**2 - 3*b - 6. Suppose 0 = -g + 1, 2*f - 5*g - 3 - 4 = 0. Let s(x) = -3*x**2 + 2*x + 5. Let r(z) = f*s(z) + 5*l(z). What is r(2)?
2
Suppose -31*x = 8*x - 273. Let n(q) = 3*q + 8. Give n(x).
29
Let d(g) be the second derivative of -g**4/6 - 2*g**3/3 - 3*g**2/2 - 3*g. Let n be 2 + -8 + 1 + -3. Let y = 6 + n. Calculate d(y).
-3
Let v be 1/((-12)/(-10) + 5/(-5)). Suppose -j - 8 = -v*j. Let p(b) = -2*b**3 + 2 + 4*b**3 + 0*b**2 - b**2. What is p(j)?
14
Let l(n) be the third derivative of n**6/120 - n**5/5 + n**4/2 - 2*n**3 + 32*n**2 + 2. What is l(11)?
-1
Let v(w) = -4*w - 1. Let p be v(-1). Let k(l) = -l**2 + 3*l + 1. Let s be k(p). Let g(b) = -5*b**3 + 7*b**2 - 9*b**3 - s + 13*b**3 + b. Determine g(7).
6
Let t(x) = -3*x**3 + x**2 + 2*x - 2. Let h(p) = p**3 + 3*p**2 - 2*p + 10. Let q be h(-4). Calculate t(q).
-18
Let o be ((-4)/3*(-96)/64)/2. Let b(r) = -5*r + 3. Give b(o).
-2
Suppose -3*s + f + 30 = 2*f, -5*s = 5*f - 60. Let l(v) = -v + 9. What is l(s)?
0
Suppose 0 = -5*m - 5 - 40. Let u(n) = -n**2 - 9*n - 4. Let v be u(m). Let x(d) = -d**3 - 5*d**2 - 3*d + 2. Calculate x(v).
-2
Let z be 1/2 - (-1)/(-2). Let k(c) = 5*c**3 + 2*c**2 - 4*c - 4. Let x(y) = -7*y**3 - 3*y**2 + 5*y + 3. Let u(m) = -4*k(m) - 3*x(m). Give u(z).
7
Let a = -9 - -11. Suppose -5*j + a*j - 9 = 0. Let z(p) be the third derivative of -p**4/6 - 2*p**3/3 + 10*p**2. What is z(j)?
8
Suppose -3*a + b + b = -4, -3*a + 1 = -5*b. Let d(f) = 1 + 3 + f**a - f**2 - f**2. Calculate d(0).
4
Let h(s) be the third derivative of s**5/60 + s**4/24 - s**3/2 + 2*s**2. Let l be 15/2*218/545. What is h(l)?
9
Let j(c) = c**2 - c - 2. Let y = -32 - -35. Suppose y*k - 2*k - 3*k = 0. Determine j(k).
-2
Let z = 28 - 23. Let t(p) = 4*p - 4. Let q be t(2). Let s(i) = i**2 - q*i + 0*i**2 - 2*i + 6. Calculate s(z).
1
Suppose 2*g + 10 = 0, 2*t + 0*t = 5*g + 15. Let j(s) = -s**2 - 3*s + 10. Calculate j(t).
0
Let f(k) = 3*k + 2*k - 2*k**2 + 9*k - 31*k - 6*k**3 + 16*k. Let a be 2 - (2 + 1 + 0). Calculate f(a).
5
Let q(r) = 2*r + 14. Suppose 3*p - 7 = 2*s + 5, -5*p = 3*s + 18. Calculate q(s).
2
Let u(k) be the third derivative of k**6/120 + 7*k**5/60 - k**3/6 - 9*k**2 + 18. Give u(-7).
-1
Suppose -3*k = 4*x - 191, -6*x + 2*x + 4*k + 156 = 0. Let w = -44 + x. Let b(m) = -m**3 + m**2 - 14. Determine b(w).
-14
Let n(q) = -q + 9. Let h = -95 + 96. Suppose -c + 6 = h. Give n(c).
4
Let w(x) = -x**3 - 5*x**2 + 3*x + 19. Let h be w(-5). Let n(c) = -3*c + 6. Determine n(h).
-6
Let v be 22/(-55) + -3 + (-51)/(-15). Let o(i) = -i**2 + 2*i - 9. Give o(v).
-9
Let i(o) be the second derivative of o**5/10 - o**4/12 + 488*o. Give i(0).
0
Suppose m + 0 = -3, k - 3*m = 24. Let b = -34 + 39. Suppose 0*q - b*q + k = 0. Let r(o) = -o**3 + 3*o**2 + 5*o - 3. Give r(q).
12
Let n(s) = 989*s**2 - 8 - 491*s**2 - 497*s**2 - s. Let r be (-1 + 0)*-2 + 0. Suppose -q = r*q. Calculate n(q).
-8
Let p(v) = -v**3 - 4*v**2 - 2*v + 1. Suppose -g - 3*h - 5 = 0, -h = g + h + 5. Let z = -17 - g. Let r = -16 - z. What is p(r)?
9
Let s(u) be the first derivative of -4*u**3/3 + u**2/2 - 2*u + 878. Determine s(-2).
-20
Let c = 638 + -631. Let i(t) = t**2 - 4*t - 26. Give i(c).
-5
Let u(z) = -4*z**2 - 5678 + 5677 + 2*z - 5*z**2. Determine u(1).
-8
Let m = -5 - -8. Suppose -5*t + 11 = 4*n, m*t - 5*n + 1 - 15 = 0. Suppose 11 = -2*w + t. Let g(l) = 3*l + 3. Give g(w).
-9
Let f be (15 + -12)*-1 - -8. Let z(v) = 13*v - 71. What is z(f)?
-6
Let n(u) be the first derivative of -u**2/2 - 6*u + 107. Suppose 3*a + 16 + 5 = 0. Calculate n(a).
1
Let y(w) = -w - 7. Suppose -2*k - h + 0 - 10 = 0, -8 = 4*k - h. Give y(k).
-4
Let x(m) = m**3 - 4*m**2 - 4*m - 3. Let f be x(5). Let t(w) = 5*w - 3*w + 0*w - w + f. Calculate t(-5).
-3
Suppose -6 + 4 = -i. Let v(m) = 0 + m**i + 1 - 3. Let u = -5438 - -5438. Calculate v(u).
-2
Let n(l) = -11*l + 71. Let o be n(6). Let q(f) = -f**2 + f - 11. Determine q(o).
-31
Let p(d) = -19 - d**3 - d - d + 2*d**3 - 6*d**2 + 6*d + 11. Calculate p(7).
69
Let b be ((-2)/(-1))/((-2)/4) - -7. Suppose 0 = -d - b*z - 18, -z = -2*d - 0*d - 8. Let r(x) = -4*x - 7 + 2*x + 0*x. What is r(d)?
5
Let j(w) = 19*w**2 - 5*w - 1. Let i(g) = -19*g**2 + 4*g + 1. Let q(d) = 5*i(d) + 4*j(d). Let v be (2 - (-1 - -2)) + 0. Determine q(v).
-18
Let n(j) = 10*j**3 + 2*j**2 - 2*j + 1. Suppose 5*o = 2*l + 25, 